 - j. What is the highest common divisor of g and 70?
10
Let w be (-3)/18 - (-242)/12. What is the highest common factor of 40 and w?
20
Let z(m) = m**2 + 7*m - 2. Let w be z(-6). Let o be 2*3 - w/(-8). Let b(s) = -s**3 + s + 25. Let h be b(0). Calculate the greatest common divisor of o and h.
5
Suppose i - 2*i + 232 = 0. Suppose -120 = -2*y - 62. What is the highest common divisor of i and y?
29
Let f be (5/15)/(2/12). Suppose -a - 2*q = -61, q + f*q = 2*a - 101. Suppose 0 = t - a - 20. What is the highest common factor of 30 and t?
15
Let i be 1250/35 + (-10)/(-35). What is the highest common divisor of i and 12?
12
Let b be 23/3 + (-4)/6. Let v = -17 - b. Let y = v + 40. Calculate the highest common factor of y and 16.
16
Suppose -2*s - 4*t = 3*s - 274, 5*s - 266 = 4*t. Let v be 12/16 - (-537)/4. Calculate the highest common divisor of v and s.
27
Let n(u) = 11*u - 23. Let t be n(10). Let c = -24 + t. Calculate the highest common factor of 9 and c.
9
Suppose -10*w + 10882 = -45258. Calculate the greatest common factor of 14 and w.
14
Suppose 5*r + 5*a + 25 = 0, 7*a - 3*a = -3*r - 14. Let c = -12 + 8. Let o = c - r. Calculate the highest common divisor of o and 1.
1
Let g = 73 - 73. Suppose 133 = q - g*q. What is the greatest common divisor of 7 and q?
7
Suppose 46*l - 146783 = -47791. What is the highest common factor of l and 8?
8
Let d(g) = 43*g**2 + 7*g - 20. Let z be d(2). Calculate the greatest common divisor of 415 and z.
83
Let h(g) = 10*g + 216. Let o be h(-18). Calculate the greatest common divisor of o and 240.
12
Let i be 5*((-752)/20)/(-4). Let c = -43 + i. Calculate the highest common factor of 6 and c.
2
Suppose 90 = -7*j + 10*j + 3*i, 3*j - 3*i = 90. Suppose 2*b + b = 0. Let v be -2 - b - (-1 - 16). Calculate the greatest common divisor of v and j.
15
Suppose 4*k + 2*t = 35 - 11, 5*k - 5*t - 15 = 0. What is the greatest common factor of 70 and k?
5
Let r = 432 + -341. Suppose -15 + 0 = -5*d. Let x be (-13)/((-1*3)/d). Calculate the greatest common divisor of x and r.
13
Let u = 79 - 65. Calculate the highest common divisor of 126 and u.
14
Let q(y) = y**3 + 6*y**2 - 17*y - 9. Let t be q(-8). Let s be ((-15)/(-30))/(t/(-90)). What is the highest common divisor of 30 and s?
15
Let d be -4 + (-3 - -4 - -7). Suppose y = -d*g + 3*g + 8, 3*g + 9 = 0. What is the highest common divisor of 11 and y?
11
Let u = 509 - 452. What is the highest common divisor of 3 and u?
3
Suppose 0 = 2*l - 0*l + p - 18, 4*p = l - 9. What is the highest common divisor of 213 and l?
3
Let o = -5 - -27. Suppose 0 = 3*c - o - 11. What is the highest common divisor of 11 and c?
11
Suppose -5*h = -333 - 82. Let b = h + -40. Let p = b - 24. What is the highest common factor of p and 19?
19
Let b = -310 + 336. What is the highest common divisor of b and 338?
26
Let o be (0 - (-4)/(-4)) + 1. Suppose o = -p - 4*p - 4*g + 46, p + 10 = 4*g. What is the highest common divisor of p and 4?
2
Suppose -4*l - l = -75. Let g = 30 - 9. Suppose 5*s = 4 + g, -3*r - 2*s + 370 = 0. Calculate the highest common factor of r and l.
15
Let f be (0/5)/1 + -1 + 24. Calculate the greatest common factor of 69 and f.
23
Suppose 6*o - 3*o - 57 = 0. Suppose -5*c + 24 = -c. Let z(v) = 7*v - 23. Let w be z(c). What is the highest common divisor of w and o?
19
Suppose 0 = 28*g - 23*g - 1480. Calculate the highest common factor of g and 8.
8
Suppose -2 - 2 = -v. Suppose -v*k = -9*k + 25. Suppose -q - 8 = k*w + 3, 5*w = -3*q + 7. What is the highest common divisor of q and 54?
9
Suppose -7*o = -3843 - 217. What is the highest common divisor of o and 20?
20
Let z = 4503 + -2743. Calculate the highest common factor of 16 and z.
16
Suppose g = 5*i - 0*g - 40, 3*i - 4*g = 24. Let b(s) = -6*s**2 - 1. Let p be b(-1). Let v be 29 + p/(7/(-3)). What is the greatest common factor of i and v?
8
Suppose 13*x - 11*x - 10 = 0. What is the highest common factor of 20 and x?
5
Suppose 3*m = 9*m + 306. Let q = 106 + m. What is the highest common factor of q and 22?
11
Suppose 0 = 46*j - 20*j - 8060. What is the highest common factor of j and 10?
10
Suppose 550 = 2*y - 0*y. Suppose 7*t - 825 = 2*t. Let b be 20/6*t/22. What is the greatest common divisor of b and y?
25
Let b be (-16)/40 - (-32)/5. Let h(l) = 11*l - 2. Let n be h(b). Let a = 174 - n. What is the greatest common divisor of a and 10?
10
Let i(z) = -z**2 + 9*z - 6. Let f be i(8). Suppose 3*d - f*d = 25. What is the highest common factor of 5 and d?
5
Suppose 4*f = -25 - 39. Let m(x) = x**2 + 13*x + 10. Let z be m(f). Calculate the highest common factor of z and 29.
29
Let r(q) = q**2 - 17*q + 35. Let o be r(17). Let y = -25 - -56. Suppose y = 5*k + 3*a, 3*k - 2*a - 2 = 9. Calculate the highest common factor of k and o.
5
Let r = 186 + -175. Calculate the highest common factor of r and 11.
11
Let y be (-53)/(-5) + 3/30*4. What is the highest common factor of y and 1738?
11
Let p be (1 - 11/2)/(39/(-52)). Calculate the greatest common factor of 102 and p.
6
Let f(s) be the third derivative of -s**6/120 + s**3 - 6*s**2. Let j be f(0). Calculate the highest common factor of 30 and j.
6
Suppose 74 = 4*g + 3*d - 42, g = -3*d + 38. What is the highest common factor of 52 and g?
26
Suppose -z - 3*w + 65 = 0, 47*w - 44*w - 265 = -5*z. What is the highest common divisor of 110 and z?
10
Suppose -21 = -2*z - 2*f + 207, 2*f = 0. Calculate the greatest common factor of z and 950.
38
Let o(x) = -x + 100. Let r be o(0). Suppose 6*c = 2*c + r. Suppose -5*j = 2*s - 45, 3*j = -15*s + 11*s + 55. What is the greatest common factor of s and c?
5
Suppose 5*j = 2*q + 277, 429 = -5*q + 2*q + 3*j. Let k = -103 - q. Suppose 4*t + k = 143. What is the greatest common factor of 10 and t?
5
Let y(h) be the third derivative of -h**6/60 - h**5/15 + h**4/2 + 4*h**3/3 - 21*h**2. Let c be y(-6). Calculate the highest common divisor of c and 32.
32
Suppose 3*t - 5*t = -5*n - 63, 3*t = -2*n + 104. What is the greatest common factor of 187 and t?
17
Let w be (4 - 5) + 7 + -2. Suppose w*a = -0*a + 16. Let t(r) = 6*r - 17. Let q be t(a). Calculate the greatest common divisor of q and 14.
7
Let g be (-1)/(1/(-290) + (5 - 5)). Suppose 3*m - 13*m + g = 0. What is the greatest common factor of 29 and m?
29
Let p(h) = h**3 + h**2 + h + 60. Let x be p(0). Calculate the highest common factor of x and 45.
15
Suppose -653 = -2*f + 2*d + 33, 0 = -4*f - 3*d + 1351. What is the highest common factor of f and 10?
10
Suppose -f - f + 7 = z, 5 = z + f. Let o be 16/((-4)/(-5 + z)). Suppose 3*v = -4*h + 80, -3*h = -5*v + 4*v + 44. What is the greatest common factor of o and v?
8
Let z be (-20)/6*81/(-54). Calculate the greatest common factor of 1625 and z.
5
Let r(x) = -10*x**2 - 6*x - 6*x - 14 - x**2 - x**3. Let w be r(-10). Let l be -2 + w*2/4. What is the greatest common factor of l and 4?
1
Suppose -r = 4*r - 440. Suppose -2*o + 37 = 3*n, -4*n = 2*o - 4*o - 40. Calculate the highest common divisor of n and r.
11
Let q(s) = s**2 - 2*s + 1. Let j be q(3). Suppose 4*l = -0*c + c - 92, -4*l = j*c - 388. Suppose -c = -0*g - 3*g. What is the greatest common factor of g and 4?
4
Suppose 117 = 11*o - 2*o. What is the greatest common factor of 533 and o?
13
Suppose -5*d = 3*s - 61, 32*d = 5*s + 31*d - 55. What is the greatest common divisor of s and 564?
12
Suppose 2*d - 5 = -1. Suppose 2*j - 2*m - 4 = -d*j, -j = -4*m + 13. Suppose -3*s = -j*n + 36, 0 = s - 0 + 4. Calculate the greatest common factor of n and 1.
1
Let h = 41 + -17. Suppose r + h = j, 4*j + 0*r = -r + 76. What is the greatest common divisor of j and 160?
20
Suppose 0 = -6*l - 219 + 261. What is the highest common divisor of l and 112?
7
Let c be (-114)/((-53)/11*-1 + -5). Calculate the greatest common divisor of c and 11.
11
Let s = 15 + 4. Suppose -5 - s = -3*m. What is the greatest common factor of 88 and m?
8
Let c be 5/(8/(0 + 112)). What is the highest common factor of 1190 and c?
70
Suppose 12*r = 2*r + 6*r. Suppose r = 3*b - 5*x - 43, 4*b - 5*x + 35 = 94. Suppose -3*a + 6*a = 24. Calculate the highest common divisor of b and a.
8
Suppose 13*d - 2 = 11*d. Let v = d + 12. Let z = v - -11. What is the highest common factor of 6 and z?
6
Let q be (-28)/49 - 75/(-21). Suppose -q*n = 5*r - 81, 2*n - n = -3. Calculate the highest common